posite number?
True
Is 961979087 a composite number?
False
Is 7822948739 composite?
True
Is 13410243401 a prime number?
True
Is 4723567687 prime?
True
Is 5365956899 a prime number?
True
Is 4761786242 prime?
False
Is 4674661591 composite?
True
Is 684603919 a prime number?
False
Is 3364189877 a prime number?
False
Is 46185176449 composite?
False
Is 255156641 prime?
False
Is 6806925899 a composite number?
True
Is 2383947541 a composite number?
True
Is 10114575397 a composite number?
False
Is 458761715897 composite?
False
Is 26210808313 composite?
True
Is 1850430838 a composite number?
True
Is 745224349 a composite number?
True
Is 29475904987 a prime number?
False
Is 107765369 prime?
True
Is 43677874945 composite?
True
Is 833839493 a prime number?
False
Is 386912087 prime?
False
Is 28225392947 a composite number?
True
Is 170991614219 a composite number?
False
Is 2504985997 a prime number?
True
Is 12192492271 composite?
False
Is 1714669199 a prime number?
False
Is 408529553 prime?
True
Is 20380019939 a composite number?
True
Is 359517617 a composite number?
True
Is 18907511041 a composite number?
True
Is 2351843149 composite?
False
Is 6036489817 a prime number?
False
Is 1167486161 prime?
True
Is 8434072841 composite?
False
Is 37496422133 a prime number?
True
Is 7248385147 a composite number?
False
Is 1736632423 composite?
True
Is 13997302927 a prime number?
True
Is 601228937 a composite number?
False
Is 4146799177 composite?
True
Is 152044199 a composite number?
False
Is 8306672873 a prime number?
True
Is 261243373 prime?
True
Is 19206190853 composite?
False
Is 250792378855 a composite number?
True
Is 33617636623 a composite number?
False
Is 6456915601 a composite number?
True
Is 1104318043 prime?
True
Is 14359544467 a composite number?
True
Is 9456653071 prime?
False
Is 1782182419 a composite number?
False
Is 344163636779 prime?
True
Is 2237752801 prime?
True
Is 69249031 prime?
False
Is 1192435931 composite?
False
Is 25555405129 composite?
True
Is 2710214173 a composite number?
True
Is 20422053833 a composite number?
False
Is 8831017033 a prime number?
True
Is 1727323093 a composite number?
False
Is 18386043361 a composite number?
True
Is 647303303 composite?
False
Is 269908548233 prime?
False
Is 160049216749 a prime number?
True
Is 190479146777 a composite number?
True
Is 7867318831 prime?
True
Is 641781137 composite?
False
Is 500345761 composite?
False
Is 113180009159 a composite number?
True
Is 20743390102 a composite number?
True
Is 123127674149 prime?
False
Is 3354141391 prime?
True
Is 222640501 a prime number?
True
Is 13286081387 a prime number?
False
Is 3230652709 a prime number?
True
Is 569715251 composite?
True
Is 12835688403 prime?
False
Is 1255207 a prime number?
False
Is 10114168737 a prime number?
False
Is 15104792701 a prime number?
True
Is 19182273613 a composite number?
False
Is 545377141 a composite number?
True
Is 132182192045 prime?
False
Is 3959688029 composite?
True
Is 18790764203 a composite number?
True
Is 61653627751 composite?
False
Is 13490362297 composite?
True
Is 200708779 prime?
True
Is 1581970933 composite?
False
Is 225608477 a composite number?
True
Is 474266137 prime?
False
Is 2641477763 prime?
False
Is 39569007761 composite?
False
Is 82930817441 a prime number?
True
Is 2531234081 prime?
False
Is 13694245021 a composite number?
False
Is 493421939 prime?
True
Is 3609297119 prime?
True
Is 1959161537 a composite number?
False
Is 397565491 a prime number?
False
Is 741556591 composite?
False
Is 589949147 a prime number?
False
Is 96126097549 prime?
False
Is 724692157 prime?
False
Is 32486843707 a composite number?
False
Is 6316505429 prime?
False
Is 1082308261 a composite number?
False
Is 1385351887 prime?
True
Is 1920002827 prime?
False
Is 397319231 composite?
False
Is 3118358849 prime?
True
Is 791099295539 composite?
True
Is 5637152993 prime?
False
Is 7617862447 composite?
True
Is 327336739 prime?
True
Is 119622575335 a prime number?
False
Is 82305521 a composite number?
True
Is 24778450579 a composite number?
False
Is 12081600101 prime?
False
Is 54039231409 a prime number?
True
Is 691503361 a prime number?
False
Is 2807574338 a prime number?
False
Is 53685202339 a composite number?
True
Is 7320345931 a composite number?
True
Is 516273467 composite?
False
Is 219181709 prime?
True
Is 13448994121 a composite number?
False
Is 9164683657 composite?
False
Is 67098663337 composite?
False
Is 20268046381 prime?
False
Is 559330819 a prime number?
True
Is 523563289 composite?
True
Is 12703199911 a prime number?
False
Is 1116674599 prime?
False
Is 725285217 a prime number?
False
Is 310145323 prime?
True
Is 233425097 composite?
True
Is 38895385857 a composite number?
True
Is 273367373 composite?
True
Is 973850597 prime?
True
Is 18999550533 composite?
True
Is 4444761085 composite?
True
Is 7143559053 a prime number?
False
Is 10891302101 composite?
False
Is 26131789 prime?
True
Is 855016441 a composite number?
True
Is 614693015 prime?
False
Is 1620071227 a composite number?
False
Is 13995503663 prime?
True
Is 516617503 prime?
False
Is 263148659 composite?
False
Is 6901037797 composite?
True
Is 14269942853 composite?
True
Is 16302147761 a prime number?
True
Is 5821415957 a composite number?
True
Is 123022033 prime?
False
Is 4754266651 prime?
True
Is 936512509 a prime number?
True
Is 239491335835 a composite number?
True
Is 76656743 prime?
False
Is 122726264807 composite?
False
Is 162985019 prime?
False
Is 23110111 prime?
True
Is 4405433047 a prime number?
True
Is 18647067497 composite?
False
Is 20564479621 a prime number?
False
Is 1619753611 composite?
True
Is 4229608961 composite?
False
Is 20652143857 prime?
True
Is 377987377 a composite number?
True
Is 1945777967 composite?
True
Is 588214009 a composite number?
False
Is 47018212837 a prime number?
False
Is 87043407641 a prime number?
True
Is 655512289 a prime number?
False
Is 44438737565 prime?
False
Is 87003802703 a prime number?
True
Is 6303509447 a composite number?
False
Is 1514403857 a composite number?
False
Is 178563601 a composite number?
True
Is 375409693453 a composite number?
False
Is 3152528473 a prime number?
False
Is 1025496897 a prime number?
False
Is 1237394909 prime?
False
Is 17661252409 a composite number?
False
Is 113526382 a prime number?
False
Is 676962131 prime?
True
Is 3478257157 prime?
True
Is 195459679 prime?
True
Is 268300049 a prime number?
False
Is 43249741 prime?
True
Is 15071468047 a composite number?
False
Is 33590333731 prime?
True
Is 5292853859 a prime number?
False
Is 5536204129 a composite number?
True
Is 792959969 prime?
True
Is 5459949769 a prime number?
True
Is 30905223959 a prime number?
True
Is 1254797789 a prime number?
False
Is 1564473026 prime?
False
Is 6501804041 prime?
True
Is 1129688893 prime?
False
Is 145821856135 prime?
False
Is 20943229261 prime?
True
Is 1594317727 a composite number?
False
Is 260972077 a composite number?
False
Is 14083427329 a prime number?
False
Is 26560725449 a prime number?
True
Is 33115555919 a composite number?
True
Is 107013481 a composite number?
False
Is 5561237939 a composite number?
True
Is 1148594831 a prime number?
False
Is 614664439 a prime number?
True
Is 4195466141 composite?
True
Is 347278417 a composite number?
False
Is 116141089 composite?
True
Is 8534161991 prime?
True
Is 7049462323 prime?
False
Is 2559020281 prime?
True
Is 17223988079 a composite number?
False
Is 9595948441 a prime number?
True
Is 22111732997 a composite number?
False
Is 7836662711 a prime number?
True
Is 501811987 prime?
True
Is 9311335997 prime?
True
Is 77547939247 prime?
True
Is 414566917 a composite number?
False
Is 3310364621 a composite number?
False
Is 18055778651 composite?
False
Is 6174992809 prime?
True
Is 3993287821 prime?
True
Is 1975425197 prime?
False
Is 149541799111 a prime number?
True
Is 968688977 prime?
True
Is 30720808457 prime?
False
Is 40981947757 a prime number?
False
Is 1616557871 composite?
False
Is 370207259 a prime number?
True
Is 448001077 a prime number?
False
Is 53535667463 prime?
True
Is 2139114587 prime?
True
Is 86725423 prime?
True
Is 92099332894 a composite number?
True
Is 20045627801 a prime number?
True
Is 1052207963 prime?
True
Is 46369379 composite?
True
Is 360155273 prime?
True
Is 1456608